{"id":120,"date":"2023-02-19T22:26:05","date_gmt":"2023-02-19T22:26:05","guid":{"rendered":"https:\/\/krv1897.de\/?page_id=120"},"modified":"2025-10-12T17:40:21","modified_gmt":"2025-10-12T17:40:21","slug":"saalvermietung","status":"publish","type":"page","link":"https:\/\/krv1897.de\/?page_id=120","title":{"rendered":"Saalvermietung"},"content":{"rendered":"\n<figure class=\"wp-block-image alignfull size-large\"><img loading=\"lazy\" decoding=\"async\" width=\"1024\" height=\"640\" src=\"https:\/\/krv1897.de\/wp-content\/uploads\/2023\/02\/saalvermietung-1-1024x640.jpg\" alt=\"\" class=\"wp-image-278\" srcset=\"https:\/\/krv1897.de\/wp-content\/uploads\/2023\/02\/saalvermietung-1-1024x640.jpg 1024w, https:\/\/krv1897.de\/wp-content\/uploads\/2023\/02\/saalvermietung-1-300x188.jpg 300w, https:\/\/krv1897.de\/wp-content\/uploads\/2023\/02\/saalvermietung-1-768x480.jpg 768w, https:\/\/krv1897.de\/wp-content\/uploads\/2023\/02\/saalvermietung-1.jpg 1200w\" sizes=\"auto, (max-width: 1024px) 100vw, 1024px\" \/><\/figure>\n\n\n\n<h3 class=\"wp-block-heading has-text-align-center has-vivid-cyan-blue-color has-text-color\">Feste feiern im Bootshaus des KRV <\/h3>\n\n\n\n<p class=\"has-text-align-center has-small-font-size\">Unser Bootshaus &#8211; ein festlicher Rahmen f\u00fcr besondere Anl\u00e4sse<\/p>\n\n\n\n<p class=\"has-text-align-center has-small-font-size\">Sie wollen  einen besonderen Rahmen zur individuellen Gestaltung eines pers\u00f6nlichen Festes in stilvoller Umgebung? Dann k\u00f6nnen Sie unseren Bootshaussaal mieten!<\/p>\n\n\n\n<p class=\"has-text-align-center has-small-font-size\">Der Raum ist hervorragend geeignet f\u00fcr Familienfeiern <strong>bis maximal 60 Personen<\/strong>.\u00a0<br>F\u00fcr <strong>Nichtmitglieder <\/strong>betr\u00e4gt der Preis <strong>200,00 \u20ac pro Tag<\/strong>, f\u00fcr <strong>Mitglieder 100,00 \u20ac<\/strong>.<\/p>\n\n\n\n<p class=\"has-text-align-center has-small-font-size\">Ob Ihr Wunschtermin frei ist und organisatorische Details <br>kl\u00e4rt unsere Saalwartin <strong>Else K\u00fcmmel <\/strong>mit Ihnen gerne unter Tel. <strong>0177\/7387812<\/strong>.<\/p>\n\n\n\n<div class=\"wp-block-booking-booking\"><\/div>\n\n\n\n<p><\/p>\n\n\n\n<div class=\"wp-block-group has-global-padding is-layout-constrained wp-block-group-is-layout-constrained\"><\/div>\n","protected":false},"excerpt":{"rendered":"<p>Feste feiern im Bootshaus des KRV Unser Bootshaus &#8211; ein festlicher Rahmen f\u00fcr besondere Anl\u00e4sse Sie wollen einen besonderen Rahmen zur individuellen Gestaltung eines pers\u00f6nlichen Festes in stilvoller Umgebung? Dann &hellip; <\/p>\n<p class=\"link-more\"><a href=\"https:\/\/krv1897.de\/?page_id=120\" class=\"more-link\">Mehr <span class=\"screen-reader-text\">\u00fcber &#8222;Saalvermietung&#8220; <\/span>Lesen<\/a><\/p>\n","protected":false},"author":1,"featured_media":0,"parent":0,"menu_order":0,"comment_status":"closed","ping_status":"closed","template":"page-templates\/full-width-transparent.php","meta":{"give_campaign_id":0,"_EventAllDay":false,"_EventTimezone":"","_EventStartDate":"","_EventEndDate":"","_EventStartDateUTC":"","_EventEndDateUTC":"","_EventShowMap":false,"_EventShowMapLink":false,"_EventURL":"","_EventCost":"","_EventCostDescription":"","_EventCurrencySymbol":"","_EventCurrencyCode":"","_EventCurrencyPosition":"","_EventDateTimeSeparator":"","_EventTimeRangeSeparator":"","_EventOrganizerID":[],"_EventVenueID":[],"_OrganizerEmail":"","_OrganizerPhone":"","_OrganizerWebsite":"","_VenueAddress":"","_VenueCity":"","_VenueCountry":"","_VenueProvince":"","_VenueState":"","_VenueZip":"","_VenuePhone":"","_VenueURL":"","_VenueStateProvince":"","_VenueLat":"","_VenueLng":"","_VenueShowMap":false,"_VenueShowMapLink":false,"inspiro_hide_title":false,"footnotes":""},"class_list":["post-120","page","type-page","status-publish","hentry"],"campaignId":"","_links":{"self":[{"href":"https:\/\/krv1897.de\/index.php?rest_route=\/wp\/v2\/pages\/120","targetHints":{"allow":["GET"]}}],"collection":[{"href":"https:\/\/krv1897.de\/index.php?rest_route=\/wp\/v2\/pages"}],"about":[{"href":"https:\/\/krv1897.de\/index.php?rest_route=\/wp\/v2\/types\/page"}],"author":[{"embeddable":true,"href":"https:\/\/krv1897.de\/index.php?rest_route=\/wp\/v2\/users\/1"}],"replies":[{"embeddable":true,"href":"https:\/\/krv1897.de\/index.php?rest_route=%2Fwp%2Fv2%2Fcomments&post=120"}],"version-history":[{"count":14,"href":"https:\/\/krv1897.de\/index.php?rest_route=\/wp\/v2\/pages\/120\/revisions"}],"predecessor-version":[{"id":1910,"href":"https:\/\/krv1897.de\/index.php?rest_route=\/wp\/v2\/pages\/120\/revisions\/1910"}],"wp:attachment":[{"href":"https:\/\/krv1897.de\/index.php?rest_route=%2Fwp%2Fv2%2Fmedia&parent=120"}],"curies":[{"name":"wp","href":"https:\/\/api.w.org\/{rel}","templated":true}]}}

<figure class="wp-block-image alignfull size-large"><img loading="lazy" decoding="async" width="1024" height="640" src="https://krv1897.de/wp-content/uploads/2023/02/saalvermietung-1-1024x640.jpg" alt="" class="wp-image-278" srcset="https://krv1897.de/wp-content/uploads/2023/02/saalvermietung-1-1024x640.jpg 1024w, https://krv1897.de/wp-content/uploads/2023/02/saalvermietung-1-300x188.jpg 300w, https://krv1897.de/wp-content/uploads/2023/02/saalvermietung-1-768x480.jpg 768w, https://krv1897.de/wp-content/uploads/2023/02/saalvermietung-1.jpg 1200w" sizes="auto, (max-width: 1024px) 100vw, 1024px" /></figure>



<h3 class="wp-block-heading has-text-align-center has-vivid-cyan-blue-color has-text-color">Feste feiern im Bootshaus des KRV </h3>



<p class="has-text-align-center has-small-font-size">Unser Bootshaus &#8211; ein festlicher Rahmen für besondere Anlässe</p>



<p class="has-text-align-center has-small-font-size">Sie wollen  einen besonderen Rahmen zur individuellen Gestaltung eines persönlichen Festes in stilvoller Umgebung? Dann können Sie unseren Bootshaussaal mieten!</p>



<p class="has-text-align-center has-small-font-size">Der Raum ist hervorragend geeignet für Familienfeiern <strong>bis maximal 60 Personen</strong>. <br>Für <strong>Nichtmitglieder </strong>beträgt der Preis <strong>200,00 € pro Tag</strong>, für <strong>Mitglieder 100,00 €</strong>.</p>



<p class="has-text-align-center has-small-font-size">Ob Ihr Wunschtermin frei ist und organisatorische Details <br>klärt unsere Saalwartin <strong>Else Kümmel </strong>mit Ihnen gerne unter Tel. <strong>0177/7387812</strong>.</p>



<div class="wp-block-booking-booking"></div>



<p></p>



<div class="wp-block-group has-global-padding is-layout-constrained wp-block-group-is-layout-constrained"></div>

<p>Feste feiern im Bootshaus des KRV Unser Bootshaus &#8211; ein festlicher Rahmen für besondere Anlässe Sie wollen einen besonderen Rahmen zur individuellen Gestaltung eines persönlichen Festes in stilvoller Umgebung? Dann &hellip; </p>
<p class="link-more"><a href="https://krv1897.de/?page_id=120" class="more-link">Mehr <span class="screen-reader-text">über &#8222;Saalvermietung&#8220; </span>Lesen</a></p>
