{"id":122,"date":"2023-02-19T22:26:43","date_gmt":"2023-02-19T22:26:43","guid":{"rendered":"https:\/\/krv1897.de\/?page_id=122"},"modified":"2026-01-12T15:07:39","modified_gmt":"2026-01-12T15:07:39","slug":"wanderruderer","status":"publish","type":"page","link":"https:\/\/krv1897.de\/?page_id=122","title":{"rendered":"Wanderruderer (G\u00e4ste)"},"content":{"rendered":"\n<figure class=\"wp-block-image alignfull size-large\"><img loading=\"lazy\" decoding=\"async\" width=\"1024\" height=\"640\" src=\"https:\/\/krv1897.de\/wp-content\/uploads\/2023\/02\/Wanderruderer-1-1024x640.jpg\" alt=\"\" class=\"wp-image-276\" srcset=\"https:\/\/krv1897.de\/wp-content\/uploads\/2023\/02\/Wanderruderer-1-1024x640.jpg 1024w, https:\/\/krv1897.de\/wp-content\/uploads\/2023\/02\/Wanderruderer-1-300x188.jpg 300w, https:\/\/krv1897.de\/wp-content\/uploads\/2023\/02\/Wanderruderer-1-768x480.jpg 768w, https:\/\/krv1897.de\/wp-content\/uploads\/2023\/02\/Wanderruderer-1.jpg 1200w\" sizes=\"auto, (max-width: 1024px) 100vw, 1024px\" \/><\/figure>\n\n\n\n<h3 class=\"wp-block-heading has-text-align-center has-vivid-cyan-blue-color has-text-color\">Wanderruderer sind beim KRV willkommen &#8211; wir wanderrudern ja auch selbst gern!<\/h3>\n\n\n\n<p class=\"has-text-align-center has-small-font-size\">Verschiedene Gruppen des KRV begeben sich mindestens einmal pro Jahr mit Barke oder Mannschaftsboot auf Wanderfahrt. <br>Neue Reviere, Vereine und Menschen, denen die Zeit auf dem Wasser mindestens so wichtig ist wie einem selbst, kennenzulernen &#8211; <br>das Sportler \u00fcberall Verbindende macht den Reiz des Wanderruderns aus.  <\/p>\n\n\n\n<p class=\"has-text-align-center has-small-font-size\">Als Kitzinger Ruderverein freuen wir uns, wenn ihr an der alten Weinhandelsstadt Kitzingen am Main vorbei kommt.<br>Wir k\u00f6nnen euch Folgendes anbieten.<\/p>\n\n\n\n<p class=\"has-text-align-center has-small-font-size\"><strong>\u00dcbernachtung:<\/strong><br>Innerhalb unseres Bootshausgel\u00e4ndes stehen die Umkleider\u00e4ume (Damen\/Herren), der Trainingsraum <br>und die Bootshalle zur \u00dcbernachtung von maximal zehn G\u00e4sten auf mitgebrachten Luftmatratzen oder Iso-Matten zur Verf\u00fcgung.&nbsp;<br>Im Bootshausgarten k\u00f6nnen maximal zwei kleine Zelte aufgestellt werden.<br>Eine K\u00fcchenbenutzung ist nicht vorhanden, es besteht aber eine M\u00f6glichkeit zum Geschirrsp\u00fclen. <br>Tische und B\u00e4nke stehen im Bootshausgarten zur Verf\u00fcgung.<br><br>Binnen f\u00fcnf Minuten Fu\u00dfmarsch wartet aber ein vielf\u00e4ltiges kulinarisches Angebot &#8211; <br>und von Mai bis Mitte Oktober immer Donnerstag bis Sonntags in 500m Entfernung auch der &#8222;Kitzinger Stadtschoppen&#8220; auf den Mainterrassen mit w\u00f6chentlich wechselndem Weinausschank. <br><\/p>\n\n\n\n<p class=\"has-text-align-center has-small-font-size\"><strong>Lagerung von Booten, Abstellen von Bootsanh\u00e4ngern, Parken von PKW:<\/strong><br>In unmittelbarer N\u00e4he des Steges k\u00f6nnen auf einer Wiese Gig-Boote auf eigene Gefahr gelagert werden. <br>Eine Lagerung im Bootshaus ist aus Platzmangel nicht m\u00f6glich. Die Wiese bietet auch Platz zum Abstellen eines Bootsanh\u00e4ngers.<br>Stellpl\u00e4tze f\u00fcr PKW sind auf unserem Bootshausvorplatz vorhanden.<\/p>\n\n\n\n<p class=\"has-text-align-center has-small-font-size\"><strong>Barken:<\/strong><br>Am Bootshaus befindet sich eine Slipanlage, Barken k\u00f6nnen dort problemlos ins Wasser gelassen\/aus dem Wasser genommen werden. <br>Des Weiteren besteht die M\u00f6glichkeit \u00fcber Nacht vor unserer Motorbootbucht fest zu machen.<\/p>\n\n\n\n<h2 class=\"wp-block-heading has-text-align-center has-vivid-cyan-blue-color has-text-color\">Kosten &amp; Anmeldung<\/h2>\n\n\n\n<p class=\"has-text-align-center has-small-font-size\"><strong>Die \u00dcbernachtungsgeb\u00fchr betr\u00e4gt 8,- \u20ac\/ Person und Nacht.<\/strong> Sie ist bei Ankunft (Schl\u00fcssel\u00fcbergabe) in bar zu entrichten. <br><strong>F\u00fcr den Schl\u00fcssel ist eine Kaution von 30,- \u20ac zu hinterlegen.<\/strong><\/p>\n\n\n\n<p class=\"has-text-align-center has-small-font-size\"><strong>Anmeldung:<\/strong><br>Bitte per&nbsp;<strong>E-Mail<\/strong>&nbsp;an <strong>wanderrudern@krv97.de<\/strong> mit folgenden Angaben anmelden:<br>&nbsp;&nbsp;&nbsp; * Ankunftstag mit Ankunftszeit \u2013 Abreisetag<br>&nbsp;&nbsp;&nbsp; * Name des Ruder-\/Kanuverein<br>&nbsp;&nbsp;&nbsp; * Name des Fahrtenleiter, Kontaktdaten und Handynummer<br>&nbsp;&nbsp;&nbsp; * Anzahl der Personen &#8211; Alter<br><br><strong><mark style=\"background-color:rgba(0, 0, 0, 0)\" class=\"has-inline-color has-vivid-cyan-blue-color\">Unser Wanderruderwart &#8211; oder ein Vertreter &#8211; kontaktiert euch zeitnah, ob eine \u00dcbernachtung wie gew\u00fcnscht m\u00f6glich ist.<\/mark><\/strong><\/p>\n\n\n\n<p class=\"has-text-align-center has-small-font-size\"><strong><mark style=\"background-color:rgba(0, 0, 0, 0)\" class=\"has-inline-color has-vivid-cyan-blue-color\">Aktuelle Belegung <\/mark><\/strong><\/p>\n\n\n\n<p class=\"has-text-align-center has-small-font-size\"><\/p>\n\n\n\n<div class=\"wp-block-group has-small-font-size is-content-justification-center is-nowrap is-layout-flex wp-container-core-group-is-layout-23441af8 wp-block-group-is-layout-flex\">\n<div class=\"wp-block-columns is-layout-flex wp-container-core-columns-is-layout-28f84493 wp-block-columns-is-layout-flex\">\n<div class=\"wp-block-column is-layout-flow wp-block-column-is-layout-flow\" style=\"flex-basis:100%\">\n<div class=\"wp-block-group has-global-padding is-layout-constrained wp-block-group-is-layout-constrained\">\n<div class=\"wp-block-columns is-layout-flex wp-container-core-columns-is-layout-28f84493 wp-block-columns-is-layout-flex\">\n<div class=\"wp-block-column is-vertically-aligned-top is-layout-flow wp-block-column-is-layout-flow\" style=\"flex-basis:100%\">\n<ul class=\"wp-block-list\">\n<li><strong>19. bis 20. Juli 2026<\/strong> Neusser Ruderverein (15 bis 20 Ruderer)<\/li>\n<\/ul>\n<\/div>\n<\/div>\n<\/div>\n<\/div>\n<\/div>\n<\/div>\n\n\n\n<p class=\"has-small-font-size\"><\/p>\n","protected":false},"excerpt":{"rendered":"<p>Wanderruderer sind beim KRV willkommen &#8211; wir wanderrudern ja auch selbst gern! Verschiedene Gruppen des KRV begeben sich mindestens einmal pro Jahr mit Barke oder Mannschaftsboot auf Wanderfahrt. Neue Reviere, &hellip; <\/p>\n<p class=\"link-more\"><a href=\"https:\/\/krv1897.de\/?page_id=122\" class=\"more-link\">Mehr <span class=\"screen-reader-text\">\u00fcber &#8222;Wanderruderer (G\u00e4ste)&#8220; <\/span>Lesen<\/a><\/p>\n","protected":false},"author":1,"featured_media":0,"parent":0,"menu_order":0,"comment_status":"closed","ping_status":"closed","template":"page-templates\/full-width-transparent.php","meta":{"give_campaign_id":0,"_EventAllDay":false,"_EventTimezone":"","_EventStartDate":"","_EventEndDate":"","_EventStartDateUTC":"","_EventEndDateUTC":"","_EventShowMap":false,"_EventShowMapLink":false,"_EventURL":"","_EventCost":"","_EventCostDescription":"","_EventCurrencySymbol":"","_EventCurrencyCode":"","_EventCurrencyPosition":"","_EventDateTimeSeparator":"","_EventTimeRangeSeparator":"","_EventOrganizerID":[],"_EventVenueID":[],"_OrganizerEmail":"","_OrganizerPhone":"","_OrganizerWebsite":"","_VenueAddress":"","_VenueCity":"","_VenueCountry":"","_VenueProvince":"","_VenueState":"","_VenueZip":"","_VenuePhone":"","_VenueURL":"","_VenueStateProvince":"","_VenueLat":"","_VenueLng":"","_VenueShowMap":false,"_VenueShowMapLink":false,"inspiro_hide_title":false,"footnotes":""},"class_list":["post-122","page","type-page","status-publish","hentry"],"campaignId":"","_links":{"self":[{"href":"https:\/\/krv1897.de\/index.php?rest_route=\/wp\/v2\/pages\/122","targetHints":{"allow":["GET"]}}],"collection":[{"href":"https:\/\/krv1897.de\/index.php?rest_route=\/wp\/v2\/pages"}],"about":[{"href":"https:\/\/krv1897.de\/index.php?rest_route=\/wp\/v2\/types\/page"}],"author":[{"embeddable":true,"href":"https:\/\/krv1897.de\/index.php?rest_route=\/wp\/v2\/users\/1"}],"replies":[{"embeddable":true,"href":"https:\/\/krv1897.de\/index.php?rest_route=%2Fwp%2Fv2%2Fcomments&post=122"}],"version-history":[{"count":78,"href":"https:\/\/krv1897.de\/index.php?rest_route=\/wp\/v2\/pages\/122\/revisions"}],"predecessor-version":[{"id":1983,"href":"https:\/\/krv1897.de\/index.php?rest_route=\/wp\/v2\/pages\/122\/revisions\/1983"}],"wp:attachment":[{"href":"https:\/\/krv1897.de\/index.php?rest_route=%2Fwp%2Fv2%2Fmedia&parent=122"}],"curies":[{"name":"wp","href":"https:\/\/api.w.org\/{rel}","templated":true}]}}

Wanderruderer (Gäste)

<figure class="wp-block-image alignfull size-large"><img loading="lazy" decoding="async" width="1024" height="640" src="https://krv1897.de/wp-content/uploads/2023/02/Wanderruderer-1-1024x640.jpg" alt="" class="wp-image-276" srcset="https://krv1897.de/wp-content/uploads/2023/02/Wanderruderer-1-1024x640.jpg 1024w, https://krv1897.de/wp-content/uploads/2023/02/Wanderruderer-1-300x188.jpg 300w, https://krv1897.de/wp-content/uploads/2023/02/Wanderruderer-1-768x480.jpg 768w, https://krv1897.de/wp-content/uploads/2023/02/Wanderruderer-1.jpg 1200w" sizes="auto, (max-width: 1024px) 100vw, 1024px" /></figure>



<h3 class="wp-block-heading has-text-align-center has-vivid-cyan-blue-color has-text-color">Wanderruderer sind beim KRV willkommen &#8211; wir wanderrudern ja auch selbst gern!</h3>



<p class="has-text-align-center has-small-font-size">Verschiedene Gruppen des KRV begeben sich mindestens einmal pro Jahr mit Barke oder Mannschaftsboot auf Wanderfahrt. <br>Neue Reviere, Vereine und Menschen, denen die Zeit auf dem Wasser mindestens so wichtig ist wie einem selbst, kennenzulernen &#8211; <br>das Sportler überall Verbindende macht den Reiz des Wanderruderns aus.  </p>



<p class="has-text-align-center has-small-font-size">Als Kitzinger Ruderverein freuen wir uns, wenn ihr an der alten Weinhandelsstadt Kitzingen am Main vorbei kommt.<br>Wir können euch Folgendes anbieten.</p>



<p class="has-text-align-center has-small-font-size"><strong>Übernachtung:</strong><br>Innerhalb unseres Bootshausgeländes stehen die Umkleideräume (Damen/Herren), der Trainingsraum <br>und die Bootshalle zur Übernachtung von maximal zehn Gästen auf mitgebrachten Luftmatratzen oder Iso-Matten zur Verfügung.&nbsp;<br>Im Bootshausgarten können maximal zwei kleine Zelte aufgestellt werden.<br>Eine Küchenbenutzung ist nicht vorhanden, es besteht aber eine Möglichkeit zum Geschirrspülen. <br>Tische und Bänke stehen im Bootshausgarten zur Verfügung.<br><br>Binnen fünf Minuten Fußmarsch wartet aber ein vielfältiges kulinarisches Angebot &#8211; <br>und von Mai bis Mitte Oktober immer Donnerstag bis Sonntags in 500m Entfernung auch der &#8222;Kitzinger Stadtschoppen&#8220; auf den Mainterrassen mit wöchentlich wechselndem Weinausschank. <br></p>



<p class="has-text-align-center has-small-font-size"><strong>Lagerung von Booten, Abstellen von Bootsanhängern, Parken von PKW:</strong><br>In unmittelbarer Nähe des Steges können auf einer Wiese Gig-Boote auf eigene Gefahr gelagert werden. <br>Eine Lagerung im Bootshaus ist aus Platzmangel nicht möglich. Die Wiese bietet auch Platz zum Abstellen eines Bootsanhängers.<br>Stellplätze für PKW sind auf unserem Bootshausvorplatz vorhanden.</p>



<p class="has-text-align-center has-small-font-size"><strong>Barken:</strong><br>Am Bootshaus befindet sich eine Slipanlage, Barken können dort problemlos ins Wasser gelassen/aus dem Wasser genommen werden. <br>Des Weiteren besteht die Möglichkeit über Nacht vor unserer Motorbootbucht fest zu machen.</p>



<h2 class="wp-block-heading has-text-align-center has-vivid-cyan-blue-color has-text-color">Kosten &amp; Anmeldung</h2>



<p class="has-text-align-center has-small-font-size"><strong>Die Übernachtungsgebühr beträgt 8,- €/ Person und Nacht.</strong> Sie ist bei Ankunft (Schlüsselübergabe) in bar zu entrichten. <br><strong>Für den Schlüssel ist eine Kaution von 30,- € zu hinterlegen.</strong></p>



<p class="has-text-align-center has-small-font-size"><strong>Anmeldung:</strong><br>Bitte per&nbsp;<strong>E-Mail</strong>&nbsp;an <strong>wanderrudern@krv97.de</strong> mit folgenden Angaben anmelden:<br>&nbsp;&nbsp;&nbsp; * Ankunftstag mit Ankunftszeit – Abreisetag<br>&nbsp;&nbsp;&nbsp; * Name des Ruder-/Kanuverein<br>&nbsp;&nbsp;&nbsp; * Name des Fahrtenleiter, Kontaktdaten und Handynummer<br>&nbsp;&nbsp;&nbsp; * Anzahl der Personen &#8211; Alter<br><br><strong><mark style="background-color:rgba(0, 0, 0, 0)" class="has-inline-color has-vivid-cyan-blue-color">Unser Wanderruderwart &#8211; oder ein Vertreter &#8211; kontaktiert euch zeitnah, ob eine Übernachtung wie gewünscht möglich ist.</mark></strong></p>



<p class="has-text-align-center has-small-font-size"><strong><mark style="background-color:rgba(0, 0, 0, 0)" class="has-inline-color has-vivid-cyan-blue-color">Aktuelle Belegung </mark></strong></p>



<p class="has-text-align-center has-small-font-size"></p>



<div class="wp-block-group has-small-font-size is-content-justification-center is-nowrap is-layout-flex wp-container-core-group-is-layout-23441af8 wp-block-group-is-layout-flex">
<div class="wp-block-columns is-layout-flex wp-container-core-columns-is-layout-28f84493 wp-block-columns-is-layout-flex">
<div class="wp-block-column is-layout-flow wp-block-column-is-layout-flow" style="flex-basis:100%">
<div class="wp-block-group has-global-padding is-layout-constrained wp-block-group-is-layout-constrained">
<div class="wp-block-columns is-layout-flex wp-container-core-columns-is-layout-28f84493 wp-block-columns-is-layout-flex">
<div class="wp-block-column is-vertically-aligned-top is-layout-flow wp-block-column-is-layout-flow" style="flex-basis:100%">
<ul class="wp-block-list">
<li><strong>19. bis 20. Juli 2026</strong> Neusser Ruderverein (15 bis 20 Ruderer)</li>
</ul>
</div>
</div>
</div>
</div>
</div>
</div>



<p class="has-small-font-size"></p>

<p>Wanderruderer sind beim KRV willkommen &#8211; wir wanderrudern ja auch selbst gern! Verschiedene Gruppen des KRV begeben sich mindestens einmal pro Jahr mit Barke oder Mannschaftsboot auf Wanderfahrt. Neue Reviere, &hellip; </p>
<p class="link-more"><a href="https://krv1897.de/?page_id=122" class="more-link">Mehr <span class="screen-reader-text">über &#8222;Wanderruderer (Gäste)&#8220; </span>Lesen</a></p>
